= j - -24. Let f be 28/v*(-114)/133. What is the greatest common factor of f and 40?
4
Let a(j) = 3*j. Let c be a(11). Suppose -4*v + c - 5 = 0. What is the highest common divisor of v and 28?
7
Let b be 220/18 + 2 + 6/(-27). Let m be (-4 - (57/(-6) - -3))*b. Calculate the greatest common divisor of 7 and m.
7
Let t(p) = p**3 - 15*p**2 - 32*p + 6. Let v be t(17). What is the greatest common divisor of 2920 and v?
40
Let c(b) = b + 9. Let n be c(-9). Suppose n = 5*s - 795 - 5. Suppose 10*g - s = 5*g. What is the highest common divisor of 256 and g?
32
Let p = -2186 - -2321. Calculate the highest common factor of p and 432.
27
Suppose -235 = -5*c + w, -4*c - 33 = -5*c + 3*w. Suppose -3*i = -7*i + c. Suppose 2*o = -o + 360. What is the greatest common divisor of o and i?
12
Let b = 3 + 2. Suppose -4*z = -4*f + 36, b + 4 = f - 4*z. Calculate the greatest common divisor of f and 27.
9
Let i = 40 + -13. Let o(k) = -3*k**3 + 36*k**2 - 11*k - 26. Let x be o(11). What is the greatest common factor of i and x?
27
Suppose 0 = -3*b + 4*c + 868, -4*b - b + 2*c = -1456. What is the greatest common divisor of 219 and b?
73
Suppose 5*o - 3*k - 379 = 0, -226*k = -224*k - 4. What is the greatest common divisor of 7 and o?
7
Let s = 156 + -44. Let x = s + -63. Suppose -4*q + 12 = -16. Calculate the greatest common divisor of x and q.
7
Suppose 0 = 2*i + o + 1 - 12, 3*i + 5*o = 20. Suppose -5*w = -7*w + 5*y + 49, 105 = i*w + 5*y. What is the greatest common divisor of w and 154?
22
Suppose l + 2*l = 99. Let u(o) = 2*o**3 - 9*o**2 - 5*o - 12. Let s be u(6). Calculate the greatest common divisor of s and l.
33
Suppose 0 = -1142*x + 1153*x - 28325. Calculate the highest common divisor of 103 and x.
103
Suppose 7*t + 6 - 20 = 0. Let p be -14 + 23 + t*1. What is the greatest common divisor of 22 and p?
11
Let l = -253 + 363. Suppose z + 3 = -4*h - 4, -2*z - 2 = 2*h. Let p(q) = 45*q - 1. Let a be p(z). What is the greatest common factor of l and a?
22
Suppose -4*r + j + 4*j = -3949, 2*j = -r + 984. Calculate the highest common factor of r and 34.
34
Suppose 4*d + 364 = 4*c, -3*d - 105 - 154 = 4*c. Let o = d + 131. Let s = -174 + 180. What is the greatest common factor of o and s?
6
Suppose 40*o = 35*o + 195. Calculate the highest common divisor of 13 and o.
13
Let j = -18 + 30. Let u be 6/j + (-9)/2. Let b be (-5)/20 + (-161)/u. Calculate the greatest common divisor of b and 10.
10
Let s = 1753 + -1589. Let a(p) = -2*p - 5. Let y be a(-4). Suppose 9*m - 4*m - 103 = -2*t, s = y*t - 2*m. Calculate the greatest common factor of 36 and t.
18
Let y be (-3 - 136/6)*-3. Let h = -41 + y. Calculate the greatest common divisor of 36 and h.
36
Let q be (9/5)/(-3) - 132659/(-265). What is the greatest common factor of 75 and q?
25
Let o = -433 + 515. What is the highest common divisor of o and 41?
41
Suppose -2*q - 10 = 18. Let u = q + 16. Suppose -r - 64 = -5*s, -2*r - u + 4 = 0. Calculate the greatest common divisor of 143 and s.
13
Suppose 70*c + 16 = 71*c. Calculate the greatest common factor of c and 12.
4
Suppose 6*o - 219 = 21. Let z be (1 + 3)*39/12. Let y = z + -8. Calculate the highest common divisor of y and o.
5
Let f(q) = -22*q. Let b be f(-1). Let v be (3 + -1)*(34 + -6). Suppose -4*z + v = -164. Calculate the highest common factor of z and b.
11
Let z(k) = -k**3 + 47*k**2 - 124*k - 121. Let v be z(44). Suppose 2*q = 5*j + 57, 3*q + 5*j = -q + 69. What is the greatest common divisor of v and q?
21
Let q(m) = 6*m**2 + 43*m + 287. Let a be q(-7). What is the greatest common factor of 105 and a?
35
Suppose 8935 = 5*y - v, 16*y - 11*y - 8920 = -2*v. What is the greatest common divisor of 38 and y?
38
Suppose -383 = -i - a, i + 5*a = -0*i + 379. Let y(d) = -342*d - 5082. Let m be y(-15). What is the highest common divisor of i and m?
48
Let l = -7761 - -7768. Let d(f) = 2*f**2 - f + 1. Let j be d(2). Calculate the highest common factor of l and j.
7
Let q = -11 + 22. Let i(v) = 0*v - 6*v + 0*v - 27 + 4. Let y be i(-13). Calculate the highest common divisor of y and q.
11
Suppose 4*n = -5*u + 1570, 3*u - 1178 = -3*n - u. What is the highest common factor of n and 30?
30
Let i(w) = -w**3 - 13*w**2 - 3*w + 2. Let m be i(-13). Calculate the highest common divisor of m and 410.
41
Let j(t) = 62*t - 3. Let k be j(4). Let u be 92 - (16/(-72)*-3 + 100/(-15)). Calculate the highest common factor of u and k.
49
Let m = 865 - 618. Calculate the highest common factor of m and 26.
13
Suppose 188 = -2*z + 4*m, 4*z + 125 = -m - 296. Let w be -2*(2 + 2 + z). What is the highest common factor of 25 and w?
25
Let h = -1023 + 1061. Calculate the highest common factor of 342 and h.
38
Let r(f) = f**3 + 3 + 2*f**2 + f**2 - 5. Let y be r(-2). Suppose -y*m = -4*t + t - 90, -3*t = 6. Calculate the highest common divisor of 7 and m.
7
Suppose -17 + 92 = 2*y + 3*n, 3*y = -n + 102. Calculate the greatest common divisor of y and 396.
33
Let g = 16 + -7. Let f be (-2)/3 + (-112)/(-6). Suppose -2*d - d + 12 = u, 0 = 5*u + d - f. Calculate the greatest common divisor of u and g.
3
Let s(f) = 5*f**2 - 125*f + 48. Let j be s(25). Let u be (-3)/9 + 1515/9. Calculate the greatest common divisor of u and j.
24
Suppose -29*v + 28*v = 4*h - 1278, 4*h = 5*v + 1290. What is the greatest common factor of h and 10?
10
Let r be (-1335)/(-3) + (3 - 3). Suppose 9*y = 4*y + 5, 3*b - 5*y - r = 0. What is the greatest common divisor of 15 and b?
15
Suppose 17*c - 705 + 178 = 0. Calculate the highest common factor of 155 and c.
31
Let b = -3 - -30. Suppose i + b - 62 = 0. What is the highest common factor of 140 and i?
35
Suppose 2*c - 9 = -3. Let k be (-22)/(-4 + c) - -2. Suppose k = 5*x - 6. What is the greatest common factor of x and 15?
3
Let q be 333/(-6)*24/(-9). Let z = q - 119. Calculate the highest common divisor of z and 203.
29
Suppose -4*c + 3*u = 6*u - 37, -5*u = 5. What is the greatest common factor of 45 and c?
5
Let a(m) = -3 - 11 + 5*m + 1. Let b be a(9). Calculate the highest common factor of b and 8.
8
Let f(w) = -22*w**3 - w**2 + 3*w + 2. Let k be f(-2). Suppose 2*u - 1533 = -71*u. Calculate the greatest common divisor of u and k.
21
Let a = -348 + 371. Let v(j) = j**2. Let z(g) = 17*g**2 + 2. Let i(k) = -6*v(k) + z(k). Let m be i(2). Calculate the greatest common divisor of a and m.
23
Suppose 5*i - 147 - 278 = 0. Suppose 3*b - 76 = -b. Let j = 36 - b. What is the greatest common factor of i and j?
17
Let n be (7 - 2)/(-5) - 92. Let m = 170 + n. Let c(z) = z**2 + 2*z - 1. Let a be c(2). What is the highest common divisor of a and m?
7
Let r be 18/6*-1 - (-99 - 0). Calculate the highest common factor of 120 and r.
24
Suppose 4*z = -p - 3 - 3, -5*p + z = -33. Suppose 1 = -2*s + 3*b, 2*s + 3 = -b + p. Calculate the greatest common factor of 3 and s.
1
Let w = 200 - -528. Calculate the greatest common factor of w and 91.
91
Suppose 4*r = -4*f + 84, 5*r + 98 = 3*f + 3. What is the highest common divisor of f and 25?
25
Let h(g) = g**3 + 8*g**2 - 20*g + 11. Let u be h(-10). What is the greatest common divisor of u and 143?
11
Let v(p) = -3*p + 36. Let b be v(-3). Calculate the greatest common factor of 255 and b.
15
Let h = -65 + 79. Suppose p = 144 - 32. Calculate the greatest common factor of p and h.
14
Let q be 3/(-6)*22*2/(-2). Let x(j) = j**3 + j**2 - 10*j + 19. Let n be x(-4). Calculate the highest common factor of n and q.
11
Let o be (-10)/(-6) + 1/3. Suppose 5*d = -o*c - 3, 2*d + 3*c + 14 = -c. Let w be (-2 - -5) + 37*d. What is the greatest common divisor of w and 5?
5
Let d = -2280 + 2356. What is the greatest common divisor of d and 532?
76
Suppose -6*f + 50 - 8 = 0. Suppose 11*t = f*t + 24. Suppose -2*b + 4*b - 12 = 3*s, -2*b + s = -8. What is the highest common divisor of b and t?
3
Let z(v) = -5*v - 8. Let p be z(-8). Suppose -5*n + 92 = -0*n + 4*s, -p = -2*n - 4*s. Let i be (84/n + -1)*5. What is the highest common factor of 8 and i?
8
Let x = -27 + 30. Let l(q) = 4*q**3 + 3*q**2 + q - 2. Let j be l(x). Calculate the greatest common divisor of j and 17.
17
Suppose -w + 22 = -101. Suppose 0 = -4*h + w + 241. What is the highest common divisor of 7 and h?
7
Let b(o) = o**2 + 40*o - 246. Let h be b(6). What is the greatest common divisor of 930 and h?
30
Let t be (1917/12)/9 + (-3)/(-12